in base 11?
109525
What is -112100111101 (base 3) in base 4?
-1010331310
What is -5150534 (base 6) in base 9?
-416744
101221211 (base 4) to base 3
10200011112
What is 3270243 (base 8) in base 7?
10325640
504423010 (base 6) to base 13
1a2a142
-13163 (base 9) to base 3
-110012010
Convert -70a904 (base 11) to base 12.
-4708a8
Convert -3323000204 (base 5) to base 2.
-11011100110001101111101
What is -100010100110011111111 (base 2) in base 7?
-12431415
What is 12330122203 (base 4) in base 15?
25e54d
36581 (base 12) to base 4
101322301
200011112010 (base 3) to base 13
c69c0
Convert -9a299 (base 13) to base 11.
-180a86
Convert a06788 (base 12) to base 11.
1458156
3722476 (base 11) to base 10
6474551
Convert 22200120120002 (base 3) to base 16.
4673cc
-15d1cd (base 14) to base 3
-1102220200122
Convert 135d (base 15) to base 16.
102a
Convert 2254111 (base 6) to base 3.
12220110121
-88125 (base 9) to base 10
-58424
3dde17 (base 15) to base 5
1230431142
Convert -11221121010 (base 3) to base 16.
-17c70
-8256153 (base 10) to base 11
-4729a74
What is -5462205 (base 7) in base 12?
-284150
What is 35223 (base 14) in base 8?
374557
Convert -2260688 (base 11) to base 15.
-5317cc
Convert ec4ee (base 15) to base 16.
b7326
-3344131033 (base 5) to base 2
-11100010001011011000001
What is -4a810 (base 12) in base 13?
-371c1
Convert -b66934 (base 12) to base 13.
-797a7c
8442530 (base 10) to base 12
29b1882
784148 (base 14) to base 15
559d22
-1432445 (base 6) to base 16
-1414d
What is -292849 (base 11) in base 6?
-13450150
Convert 550654 (base 9) to base 14.
87a65
What is -f20 (base 16) in base 14?
-15a8
Convert -10110010110111000011 (base 2) to base 9.
-1335852
What is -112257 (base 13) in base 5?
-100422113
-116252 (base 7) to base 3
-1002100122
4a2baa (base 14) to base 4
21230322102
-7e701 (base 16) to base 15
-a36ae
What is 1203523 (base 6) in base 3?
10012111020
What is 2041301 (base 9) in base 4?
10022020303
Convert -15140506 (base 8) to base 14.
-65dd78
What is 121002300 (base 4) in base 14?
2954c
What is -730be4 (base 15) in base 3?
-101021220200121
17049 (base 14) to base 5
3321224
1158502 (base 9) to base 8
2315436
What is 200111211011112 (base 3) in base 16?
961d99
Convert 2589 (base 16) to base 9.
14156
What is -1c7b1b (base 13) in base 5?
-141400122
What is -13111200 (base 5) in base 8?
-373635
What is 440523044 (base 6) in base 15?
a59dc1
-33abab (base 12) to base 7
-10015055
Convert -3a4400 (base 16) to base 4.
-32210100000
Convert 156835 (base 12) to base 13.
c9938
12203231221 (base 4) to base 11
a7468a
Convert -14411032 (base 6) to base 7.
-4146245
-531593 (base 14) to base 4
-22231212131
3441562 (base 7) to base 6
13120351
What is -16552413 (base 7) in base 11?
-a10a08
-bca3c (base 13) to base 16
-53904
Convert 1b3d42 (base 14) to base 9.
1740253
20fd32 (base 16) to base 8
10176462
What is -2d2df7 (base 16) in base 10?
-2960887
-33298 (base 11) to base 14
-13837
What is 4a8c0 (base 16) in base 8?
1124300
756005 (base 8) to base 16
3dc05
-47855a (base 11) to base 16
-b90f9
What is -203185 (base 9) in base 4?
-131121323
37157 (base 15) to base 13
62038
Convert -21112120100 (base 3) to base 10.
-148401
Convert 2043762 (base 8) to base 7.
4420143
Convert -3020214131 (base 5) to base 16.
-5be781
What is -244061 (base 7) in base 14?
-123a1
Convert -104930 (base 11) to base 12.
-80b21
221321223033 (base 4) to base 11
6222605
Convert -2304554 (base 6) to base 3.
-12222110221
What is 101101100111101001 (base 2) in base 7?
1405526
-f8a5a (base 16) to base 5
-230042313
13aec1 (base 16) to base 9
2375385
Convert 4416044 (base 7) to base 2.
10000100011001101011
What is -267464 (base 9) in base 5?
-20203244
-240003020 (base 5) to base 14
-206a47
Convert -3100023302 (base 4) to base 6.
-30135442
Convert -e0e27 (base 15) to base 8.
-2556401
84511 (base 14) to base 9
535886
What is -308c8 (base 14) in base 11?
-7a997
What is 12320140 (base 5) in base 6?
2323433
What is 1212112121202 (base 3) in base 16?
f2df8
33253205 (base 6) to base 14
1c14d7
1073b2 (base 14) to base 5
120322101
Convert 13085 (base 15) to base 7.
342323
What is -12011012010 (base 3) in base 12?
-4a879
-10215000 (base 6) to base 3
-120010121000
-4fad (base 16) to base 11
-14363
1366674 (base 8) to base 7
3205525
What is -144255 (base 11) in base 14?
-5c129
Convert 1da0 (base 15) to base 4.
1210302
-377836 (base 13) to base 10
-1330582
Convert -82a54a (base 11) to base 12.
-542777
Convert 20011011200 (base 3) to base 13.
431a6
1065382 (base 12) to base 9
5774218
What is 10120020010 (base 3) in base 15?
15bb9
What is 663143 (base 9) in base 2?
1100000101010111111
310041 (base 12) to base 3
1102222111211
What is -103012142 (base 5) in base 14?
-b5abc
What is 26953c (base 16) in base 8?
11512474
Convert -545 (base 13) to base 12.
-632
What is -110010011310 (base 4) in base 11?
-2a72708
What is 31ed6e (base 16) in base 13?
8a742b
Convert 31212001032 (base 4) to base 11.
2014425
-2140432 (base 8) to base 12
-238022
Convert -567346 (base 14) to base 5.
-1223030344
What is 16a5a47 (base 11) in base 7?
33404023
What is -1001045400 (base 6) in base 5?
-10043141020
Convert -248c7 (base 16) to base 10.
-149703
16c28 (base 13) to base 7
241466
1098920 (base 10) to base 3
2001211102202
What is 46454325 (base 8) in base 14?
14b4485
What is -161002 (base 7) in base 12?
-1631a
What is -22213211313 (base 4) in base 11?
-1631402
-111010110001100100011000 (base 2) to base 9
-31882855
What is -10110001001011101 (base 2) in base 9?
-147386
What is -214274 (base 9) in base 8?
-371474
Convert -a5b40 (base 12) to base 3.
-102001112110
What is 811142 (base 9) in base 2?
1110101001000111001
Convert -14c06 (base 16) to base 7.
-502544
Convert -201201200 (base 4) to base 8.
-414140
Convert -111a82 (base 13) to base 11.
-256464
Convert -4054413 (base 6) to base 4.
-233121021
240527 (base 8) to base 16
14157
1826a1 (base 12) to base 7
3364021
What is -101220102011022 (base 3) in base 13?
-127b875
What is -11330301033 (base 4) in base 16?
-17cc4f
Convert -61243 (base 9) to base 7.
-225324
Convert -650b7 (base 15) to base 13.
-b3029
Convert -36694 (base 11) to base 15.
-1095d
Convert 177148 (base 12) to base 7.
3311330
What is 2324050 (base 6) in base 16?
1d53e
What is -2110034 (base 6) in base 15?
-20521
What is 3b829 (base 14) in base 11?
a0520
Convert 11000010001011001101 (base 2) to base 11.
4a3608
What is 15749891 (base 10) in base 9?
32564708
Convert -1121331 (base 6) to base 2.
-1110000000010111
924a8 (base 11) to base 5
13310113
Convert 241130 (base 9) to base 14.
3ac9d
Convert -30040333 (base 5) to base 13.
-83b24
What is 101112122201 (base 4) in base 7?
53442140
What is -11110000010011101101 (base 2) in base 14?
-1b89d3
What is 758281 (base 9) in base 10?
452215
-10110010010001000011101 (base 2) to base 4
-112102020131
-10211011000110 (base 3) to base 14
-3abc7b
567063 (base 12) to base 11
863415
1788784 (base 10) to base 7
21130054
Convert -14125353 (base 8) to base 16.
-30aaeb
11361005 (base 8) to base 3
11200010121121
What is -58a6185 (base 12) in base 16?
-1058375
What is -29967b (base 12) in base 16?
-ab17f
What is -1011030213 (base 4) in base 5?
-33032211
-43033022 (base 5) to base 3
-200101001222
-11502012 (base 6) to base 15
-73642
Convert -d9460 (base 14) to base 12.
-213978
-221013211 (base 4) to base 2
-101001000111100101
What is -1214724 (base 8) in base 11?
-209182
22420340 (base 6) to base 9
1256356
-4368872 (base 12) to base 16
-c3c4d6
What is 40042413 (base 8) in base 13?
1984342
What is 6377419 (base 11) in base 15?
ebad1c
Convert 100011000011110001101 (base 2) to base 13.
312b93
Convert -49cb90 (base 14) to base 9.
-4678531
What is -62675 (base 11) in base 14?
-253c8
Convert 263685 (base 11) to base 10.
414760
4320255 (base 7) to base 14
d9965
Convert 222157 (base 8) to base 15.
172ad
What is 1abb88 (base 13) in base 6?
22350121
What is -1fefe (base 16) in base 15?
-28b5e
Convert 5b6b5 (base 15) to base 3.
112211020022
What is -32551414 (base 6) in base 14?
-1b6a1c
Convert 14626462 (base 8) to base 12.
1158b02
11110101110110100111100 (base 2) to base 8
36566474
-611025 (base 9) to base 13
-c878c
What is 23b94e (base 16) in base 3?
11101221112001
What is 61635131 (base 7) in base 4?
103231321202
1a1567 